f 2089.
2089
List the prime factors of 1331.
11
What are the prime factors of 7298?
2, 41, 89
What are the prime factors of 11476?
2, 19, 151
List the prime factors of 887.
887
List the prime factors of 177346.
2, 13, 19, 359
What are the prime factors of 39137?
7, 5591
What are the prime factors of 9030?
2, 3, 5, 7, 43
List the prime factors of 106425.
3, 5, 11, 43
List the prime factors of 2880.
2, 3, 5
What are the prime factors of 21213?
3, 2357
List the prime factors of 17972.
2, 4493
List the prime factors of 1583.
1583
List the prime factors of 4954.
2, 2477
List the prime factors of 23587.
103, 229
List the prime factors of 547.
547
List the prime factors of 1339.
13, 103
What are the prime factors of 2180?
2, 5, 109
What are the prime factors of 1837?
11, 167
List the prime factors of 19526.
2, 13, 751
List the prime factors of 3.
3
List the prime factors of 328.
2, 41
What are the prime factors of 609?
3, 7, 29
List the prime factors of 15799.
7, 37, 61
List the prime factors of 5787.
3, 643
List the prime factors of 2066.
2, 1033
What are the prime factors of 14912?
2, 233
What are the prime factors of 22993?
22993
What are the prime factors of 8638?
2, 7, 617
What are the prime factors of 32378?
2, 16189
List the prime factors of 36114.
2, 3, 13, 463
List the prime factors of 1666.
2, 7, 17
List the prime factors of 4366.
2, 37, 59
List the prime factors of 7503.
3, 41, 61
What are the prime factors of 2997?
3, 37
What are the prime factors of 54669?
3, 18223
List the prime factors of 66485.
5, 13297
What are the prime factors of 4306?
2, 2153
List the prime factors of 165.
3, 5, 11
What are the prime factors of 5619?
3, 1873
List the prime factors of 2599.
23, 113
List the prime factors of 5138.
2, 7, 367
What are the prime factors of 37108?
2, 9277
What are the prime factors of 30725?
5, 1229
What are the prime factors of 1993?
1993
What are the prime factors of 3827?
43, 89
List the prime factors of 18930.
2, 3, 5, 631
What are the prime factors of 246?
2, 3, 41
What are the prime factors of 24137?
24137
List the prime factors of 651.
3, 7, 31
List the prime factors of 4016.
2, 251
List the prime factors of 4468.
2, 1117
List the prime factors of 1461.
3, 487
List the prime factors of 32396.
2, 7, 13, 89
List the prime factors of 476.
2, 7, 17
List the prime factors of 22033.
11, 2003
List the prime factors of 4752.
2, 3, 11
List the prime factors of 5222.
2, 7, 373
What are the prime factors of 2398?
2, 11, 109
List the prime factors of 52680.
2, 3, 5, 439
What are the prime factors of 36451?
36451
What are the prime factors of 56622?
2, 3, 9437
What are the prime factors of 2367?
3, 263
What are the prime factors of 5411?
7, 773
What are the prime factors of 2181?
3, 727
List the prime factors of 7268.
2, 23, 79
What are the prime factors of 45170?
2, 5, 4517
List the prime factors of 1057.
7, 151
What are the prime factors of 495?
3, 5, 11
What are the prime factors of 3939?
3, 13, 101
List the prime factors of 1379.
7, 197
What are the prime factors of 22224?
2, 3, 463
What are the prime factors of 11513?
29, 397
What are the prime factors of 40200?
2, 3, 5, 67
List the prime factors of 9208.
2, 1151
List the prime factors of 20867.
7, 11, 271
What are the prime factors of 20281?
17, 1193
What are the prime factors of 5415?
3, 5, 19
List the prime factors of 38227.
7, 43, 127
What are the prime factors of 19258?
2, 9629
List the prime factors of 6095.
5, 23, 53
List the prime factors of 78261.
3, 19, 1373
What are the prime factors of 114092?
2, 11, 2593
What are the prime factors of 639?
3, 71
What are the prime factors of 376?
2, 47
What are the prime factors of 75?
3, 5
What are the prime factors of 3978?
2, 3, 13, 17
List the prime factors of 13926.
2, 3, 11, 211
List the prime factors of 705.
3, 5, 47
What are the prime factors of 5890?
2, 5, 19, 31
List the prime factors of 1064.
2, 7, 19
List the prime factors of 533.
13, 41
List the prime factors of 69300.
2, 3, 5, 7, 11
What are the prime factors of 873?
3, 97
What are the prime factors of 13552?
2, 7, 11
What are the prime factors of 19561?
31, 631
List the prime factors of 13968.
2, 3, 97
List the prime factors of 1088.
2, 17
What are the prime factors of 6661?
6661
List the prime factors of 33483.
3, 11161
What are the prime factors of 3357?
3, 373
List the prime factors of 33517.
11, 277
List the prime factors of 832.
2, 13
What are the prime factors of 15139?
15139
What are the prime factors of 6744?
2, 3, 281
What are the prime factors of 5160?
2, 3, 5, 43
What are the prime factors of 9268?
2, 7, 331
List the prime factors of 30151.
11, 2741
List the prime factors of 20124.
2, 3, 13, 43
What are the prime factors of 3010?
2, 5, 7, 43
What are the prime factors of 50327?
59, 853
List the prime factors of 569.
569
List the prime factors of 118821.
3, 39607
List the prime factors of 1807.
13, 139
What are the prime factors of 57227?
89, 643
List the prime factors of 6293.
7, 29, 31
What are the prime factors of 37023?
3, 7, 41, 43
List the prime factors of 2077.
31, 67
List the prime factors of 27314.
2, 7, 1951
List the prime factors of 2799.
3, 311
What are the prime factors of 442?
2, 13, 17
What are the prime factors of 11720?
2, 5, 293
List the prime factors of 677.
677
List the prime factors of 2313.
3, 257
What are the prime factors of 19129?
11, 37, 47
What are the prime factors of 998?
2, 499
List the prime factors of 1165.
5, 233
What are the prime factors of 38940?
2, 3, 5, 11, 59
List the prime factors of 43619.
53, 823
List the prime factors of 37109.
43, 863
What are the prime factors of 2259?
3, 251
What are the prime factors of 6481?
6481
List the prime factors of 5570.
2, 5, 557
What are the prime factors of 3251?
3251
What are the prime factors of 7773?
3, 2591
What are the prime factors of 24701?
17, 1453
List the prime factors of 1817.
23, 79
List the prime factors of 1094.
2, 547
What are the prime factors of 22219?
17, 1307
List the prime factors of 2148.
2, 3, 179
What are the prime factors of 112233?
3, 11, 19, 179
List the prime factors of 378.
2, 3, 7
What are the prime factors of 7541?
7541
List the prime factors of 9297.
3, 1033
List the prime factors of 3371.
3371
List the prime factors of 84.
2, 3, 7
List the prime factors of 8028.
2, 3, 223
List the prime factors of 45472.
2, 7, 29
What are the prime factors of 564?
2, 3, 47
List the prime factors of 1225.
5, 7
What are the prime factors of 2814?
2, 3, 7, 67
List the prime factors of 3493.
7, 499
What are the prime factors of 45196?
2, 11299
List the prime factors of 6821.
19, 359
What are the prime factors of 43597?
43597
What are the prime factors of 209?
11, 19
What are the prime factors of 4749?
3, 1583
What are the prime factors of 2257?
37, 61
What are the prime factors of 46?
2, 23
List the prime factors of 4165.
5, 7, 17
What are the prime factors of 865?
5, 173
List the prime factors of 3676.
2, 919
What are the prime factors of 448?
2, 7
List the prime factors of 107630.
2, 5, 47, 229
List the prime factors of 1556.
2, 389
What are the prime factors of 11945?
5, 2389
What are the prime factors of 6408?
2, 3, 89
List the prime factors of 6772.
2, 1693
List the prime factors of 4262.
2, 2131
List the prime factors of 3986.
2, 1993
List the prime factors of 6068.
2, 37, 41
What are the prime factors of 61621?
7, 8803
What are the prime factors of 42665?
5, 7, 23, 53
What are the prime factors of 37923?
3, 12641
List the prime factors of 12237.
3, 4079
List the prime factors of 34109.
23, 1483
What are the prime factors of 187?
11, 17
List the prime factors of 2731.
2731
List the prime factors of 415.
5, 83
List the prime factors of 18864.
2, 3, 131
List the prime factors of 68113.
68113
What are the prime factors of 21819?
3, 7, 1039
What are the prime factors of 1132?
2, 283
What are the prime factors of 20283?
3, 6761
List the prime factors of 5290.
2, 5, 23
List the prime factors of 105246.
2, 3, 1949
What are the prime factors of 7351?
7351
List the prime factors of 3472.
2, 7, 31
What are the prime factors of 21158?
2, 71, 149
What are the prime factors of 2551?
2551
What are the prime factors of 5825?
5, 233
List the prime factors of 55752.
2, 3, 23, 101
List the 